{"id":124,"date":"2024-08-27T18:58:09","date_gmt":"2024-08-27T18:58:09","guid":{"rendered":"https:\/\/www.druga-brzina.si\/?page_id=124"},"modified":"2024-08-27T18:58:12","modified_gmt":"2024-08-27T18:58:12","slug":"najem-e-koles","status":"publish","type":"page","link":"https:\/\/www.druga-brzina.si\/index.php\/a-homepage-section\/najem-e-koles\/","title":{"rendered":"Najem e-koles"},"content":{"rendered":"\n<p>V na\u0161i ponudbi imamo ve\u010d razli\u010dnih e-koles. \u00a0Za informacije o prostih terminih in cenah nas prosimo kontaktirajte.<\/p>\n","protected":false},"excerpt":{"rendered":"<p>V na\u0161i ponudbi imamo ve\u010d razli\u010dnih e-koles. \u00a0Za informacije o prostih terminih in cenah nas prosimo kontaktirajte.<\/p>\n","protected":false},"author":1,"featured_media":0,"parent":81,"menu_order":0,"comment_status":"closed","ping_status":"closed","template":"","meta":{"_monsterinsights_skip_tracking":false,"_monsterinsights_sitenote_active":false,"_monsterinsights_sitenote_note":"","_monsterinsights_sitenote_category":0,"footnotes":""},"class_list":["post-124","page","type-page","status-publish","hentry"],"_links":{"self":[{"href":"https:\/\/www.druga-brzina.si\/index.php\/wp-json\/wp\/v2\/pages\/124","targetHints":{"allow":["GET"]}}],"collection":[{"href":"https:\/\/www.druga-brzina.si\/index.php\/wp-json\/wp\/v2\/pages"}],"about":[{"href":"https:\/\/www.druga-brzina.si\/index.php\/wp-json\/wp\/v2\/types\/page"}],"author":[{"embeddable":true,"href":"https:\/\/www.druga-brzina.si\/index.php\/wp-json\/wp\/v2\/users\/1"}],"replies":[{"embeddable":true,"href":"https:\/\/www.druga-brzina.si\/index.php\/wp-json\/wp\/v2\/comments?post=124"}],"version-history":[{"count":2,"href":"https:\/\/www.druga-brzina.si\/index.php\/wp-json\/wp\/v2\/pages\/124\/revisions"}],"predecessor-version":[{"id":126,"href":"https:\/\/www.druga-brzina.si\/index.php\/wp-json\/wp\/v2\/pages\/124\/revisions\/126"}],"up":[{"embeddable":true,"href":"https:\/\/www.druga-brzina.si\/index.php\/wp-json\/wp\/v2\/pages\/81"}],"wp:attachment":[{"href":"https:\/\/www.druga-brzina.si\/index.php\/wp-json\/wp\/v2\/media?parent=124"}],"curies":[{"name":"wp","href":"https:\/\/api.w.org\/{rel}","templated":true}]}}